6 and 42.
14
Calculate the highest common divisor of 7 and 63.
7
What is the highest common factor of 3314 and 1?
1
What is the highest common divisor of 10328 and 16?
8
What is the highest common factor of 7 and 840?
7
What is the highest common factor of 30 and 120?
30
What is the greatest common divisor of 3336 and 120?
24
What is the highest common factor of 23 and 1357?
23
What is the highest common factor of 416 and 12?
4
What is the greatest common divisor of 514 and 6939?
257
Calculate the highest common factor of 111 and 259.
37
Calculate the greatest common factor of 27 and 72387.
27
What is the greatest common divisor of 8 and 5?
1
Calculate the highest common divisor of 329 and 35.
7
What is the greatest common divisor of 86095 and 335?
335
What is the highest common factor of 36 and 15?
3
Calculate the greatest common factor of 66 and 4257.
33
What is the greatest common factor of 108 and 576?
36
Calculate the greatest common factor of 300 and 125.
25
Calculate the greatest common factor of 240 and 200.
40
What is the greatest common factor of 50 and 225?
25
Calculate the greatest common divisor of 714 and 2091.
51
Calculate the greatest common factor of 31452 and 12.
12
Calculate the highest common divisor of 232 and 986.
58
What is the greatest common factor of 215 and 33755?
215
Calculate the greatest common factor of 8909 and 151.
151
What is the greatest common factor of 16 and 6064?
16
Calculate the highest common divisor of 12 and 636.
12
What is the greatest common divisor of 612 and 162?
18
What is the greatest common factor of 4 and 38?
2
Calculate the greatest common divisor of 34 and 731.
17
What is the greatest common factor of 16954 and 346?
346
Calculate the greatest common divisor of 51 and 170.
17
Calculate the greatest common divisor of 1926 and 214.
214
Calculate the greatest common factor of 22 and 902.
22
Calculate the greatest common factor of 59 and 1121.
59
What is the highest common divisor of 152 and 64?
8
Calculate the highest common factor of 27 and 5229.
9
Calculate the highest common divisor of 534 and 18.
6
Calculate the greatest common factor of 166 and 58.
2
Calculate the highest common divisor of 299 and 92.
23
Calculate the highest common factor of 396 and 44.
44
What is the highest common factor of 304 and 16?
16
Calculate the highest common factor of 4 and 1106.
2
Calculate the greatest common factor of 2 and 23.
1
What is the greatest common factor of 19916 and 1149?
383
What is the highest common divisor of 24 and 456?
24
Calculate the greatest common factor of 80 and 800.
80
What is the greatest common divisor of 10 and 730?
10
Calculate the greatest common divisor of 12024 and 167.
167
Calculate the highest common divisor of 104 and 91.
13
Calculate the greatest common divisor of 2 and 12.
2
What is the greatest common divisor of 380 and 1000?
20
Calculate the greatest common divisor of 9790 and 110.
110
What is the greatest common divisor of 164 and 3526?
82
Calculate the highest common factor of 286 and 234.
26
Calculate the greatest common factor of 15 and 15885.
15
Calculate the highest common factor of 400 and 500.
100
Calculate the highest common divisor of 371 and 49.
7
Calculate the greatest common divisor of 24 and 324.
12
What is the greatest common divisor of 11 and 693?
11
What is the highest common divisor of 520 and 3000?
40
Calculate the highest common divisor of 23613 and 51.
51
What is the greatest common divisor of 65 and 104?
13
What is the highest common divisor of 72 and 84?
12
What is the highest common factor of 567 and 63?
63
What is the greatest common divisor of 5863 and 52?
13
What is the greatest common divisor of 58925 and 25?
25
What is the greatest common divisor of 354 and 7552?
118
Calculate the greatest common factor of 84 and 2730.
42
What is the highest common divisor of 154 and 28?
14
What is the greatest common factor of 80 and 1900?
20
What is the greatest common divisor of 27 and 171?
9
Calculate the greatest common divisor of 7 and 371.
7
Calculate the greatest common factor of 160 and 120.
40
Calculate the highest common divisor of 42 and 42.
42
What is the greatest common factor of 12 and 19794?
6
What is the greatest common factor of 74 and 37?
37
What is the highest common divisor of 1530 and 45?
45
What is the greatest common factor of 102 and 6?
6
Calculate the highest common factor of 290 and 2755.
145
Calculate the greatest common factor of 352 and 2208.
32
Calculate the highest common factor of 225 and 20565.
45
What is the highest common factor of 9797 and 97?
97
Calculate the highest common factor of 123 and 9963.
123
What is the greatest common factor of 1694 and 14?
14
What is the greatest common factor of 171 and 99?
9
Calculate the highest common factor of 2085 and 3.
3
What is the greatest common divisor of 180 and 96?
12
What is the greatest common divisor of 85 and 561?
17
Calculate the highest common factor of 102 and 34.
34
Calculate the greatest common divisor of 24 and 24.
24
What is the highest common divisor of 3927 and 51?
51
Calculate the highest common divisor of 192 and 18688.
64
Calculate the greatest common factor of 639 and 142.
71
Calculate the greatest common divisor of 1 and 7.
1
Calculate the highest common divisor of 80 and 295.
5
What is the highest common factor of 12 and 768?
12
What is the highest common divisor of 2500 and 4?
4
What is the greatest common divisor of 64 and 80?
16
What is the greatest common factor of 78 and 598?
26
Calculate the greatest common divisor of 108 and 8676.
36
Calculate the greatest common divisor of 82 and 3854.
82
What is the greatest common divisor of 6 and 630?
6
Calculate the highest common factor of 851 and 161.
23
Calculate the greatest common factor of 2180 and 20.
20
What is the highest common factor of 4167 and 9?
9
Calculate the highest common factor of 304 and 288.
16
What is the highest common divisor of 754 and 52?
26
Calculate the greatest common divisor of 536 and 2278.
134
Calculate the greatest common factor of 3042 and 2366.
338
What is the highest common divisor of 168 and 273?
21
What is the greatest common factor of 9 and 603?
9
Calculate the greatest common factor of 2451 and 172.
43
Calculate the highest common divisor of 77 and 7.
7
What is the greatest common divisor of 8477 and 173?
173
Calculate the greatest common divisor of 1029 and 14.
7
What is the greatest common divisor of 52 and 6656?
52
What is the highest common divisor of 950 and 38?
38
What is the highest common factor of 36 and 9252?
36
Calculate the highest common factor of 72 and 108.
36
Calculate the highest common divisor of 115 and 368.
23
Calculate the highest common factor of 712 and 40.
8
What is the greatest common factor of 16 and 188?
4
What is the highest common divisor of 1408 and 640?
128
Calculate the highest common divisor of 22450 and 200.
50
What is the greatest common divisor of 196 and 476?
28
Calculate the highest common divisor of 24 and 28.
4
What is the highest common divisor of 13 and 13624?
13
Calculate the highest common factor of 25 and 3.
1
What is the highest common divisor of 72 and 306?
18
Calculate the highest common factor of 93 and 25203.
93
What is the greatest common factor of 522 and 116?
58
What is the greatest common factor of 91 and 1196?
13
Calculate the greatest common divisor of 17 and 3961.
17
What is the highest common factor of 144 and 1368?
72
Calculate the highest common divisor of 81 and 1089.
9
What is the highest common divisor of 567 and 315?
63
What is the greatest common factor of 17 and 10897?
17
Calculate the greatest common factor of 23 and 3059.
23
What is the greatest common divisor of 396 and 2596?
44
What is the highest common divisor of 60 and 270?
30
Calculate the greatest common factor of 404 and 101.
101
What is the greatest common factor of 62566 and 218?
218
What is the greatest common divisor of 351 and 27?
27
Calculate the highest common factor of 1296 and 48.
48
What is the greatest common divisor of 12175 and 125?
25
Calculate the greatest common factor of 13 and 12.
1
What is the highest common divisor of 49 and 413?
7
What is the highest common divisor of 5 and 155?
5
What is the greatest common divisor of 190 and 